ed by 449?
90
What is the remainder when 1433761 is divided by 75455?
116
Calculate the remainder when 19592932 is divided by 559.
541
Calculate the remainder when 486768 is divided by 25.
18
Calculate the remainder when 62645799 is divided by 12529154.
29
What is the remainder when 177687 is divided by 5225?
37
Calculate the remainder when 2660693 is divided by 20003.
294
What is the remainder when 285664 is divided by 285567?
97
Calculate the remainder when 1027630 is divided by 1066.
6
What is the remainder when 674211 is divided by 312?
291
What is the remainder when 274595 is divided by 274405?
190
What is the remainder when 310223 is divided by 51698?
35
Calculate the remainder when 2522090 is divided by 504413.
25
Calculate the remainder when 72257 is divided by 36064.
129
Calculate the remainder when 4470972 is divided by 239.
238
Calculate the remainder when 1263818378 is divided by 20.
18
What is the remainder when 73328924 is divided by 13?
6
What is the remainder when 384679 is divided by 34920?
559
Calculate the remainder when 7683628 is divided by 25527.
1
Calculate the remainder when 239131 is divided by 239071.
60
Calculate the remainder when 18732 is divided by 8571.
1590
Calculate the remainder when 890642 is divided by 65.
12
Calculate the remainder when 99760 is divided by 24235.
2820
Calculate the remainder when 182252 is divided by 429.
356
Calculate the remainder when 192330298 is divided by 123.
118
Calculate the remainder when 2601451 is divided by 106.
105
Calculate the remainder when 62801651 is divided by 566.
555
Calculate the remainder when 3833491 is divided by 147421.
545
Calculate the remainder when 419307 is divided by 2569.
560
What is the remainder when 65305 is divided by 107?
35
What is the remainder when 2035089 is divided by 507?
498
What is the remainder when 11024838 is divided by 13594?
104
What is the remainder when 33681 is divided by 10796?
1293
Calculate the remainder when 21971 is divided by 7135.
566
Calculate the remainder when 10680017 is divided by 56.
33
What is the remainder when 1617071 is divided by 1906?
783
Calculate the remainder when 1892023 is divided by 72770.
3
What is the remainder when 36521491 is divided by 83?
80
Calculate the remainder when 107266 is divided by 107142.
124
Calculate the remainder when 324860 is divided by 18047.
14
Calculate the remainder when 7731899 is divided by 1932967.
31
What is the remainder when 963464 is divided by 963443?
21
What is the remainder when 48984149 is divided by 14?
11
Calculate the remainder when 493429 is divided by 1443.
1366
Calculate the remainder when 27333258 is divided by 307115.
23
Calculate the remainder when 19878778 is divided by 4368.
10
Calculate the remainder when 90295 is divided by 295.
25
Calculate the remainder when 37587907 is divided by 51.
40
What is the remainder when 737902 is divided by 368928?
46
What is the remainder when 451493 is divided by 1360?
1333
What is the remainder when 102547 is divided by 1497?
751
Calculate the remainder when 160143 is divided by 17512.
2535
Calculate the remainder when 1176232 is divided by 4158.
3676
Calculate the remainder when 37981 is divided by 1768.
853
Calculate the remainder when 465862760 is divided by 8347.
8343
What is the remainder when 37101635 is divided by 40771?
25
What is the remainder when 359437 is divided by 571?
278
What is the remainder when 91375 is divided by 22803?
163
Calculate the remainder when 24598 is divided by 6017.
530
What is the remainder when 10509 is divided by 219?
216
What is the remainder when 8911 is divided by 735?
91
Calculate the remainder when 723093 is divided by 572.
85
Calculate the remainder when 3577740 is divided by 23.
21
Calculate the remainder when 24542900 is divided by 629305.
5
Calculate the remainder when 521194 is divided by 104237.
9
Calculate the remainder when 6572165 is divided by 106.
59
What is the remainder when 28748844 is divided by 511?
495
Calculate the remainder when 6515157 is divided by 63874.
9
What is the remainder when 3077656 is divided by 287?
155
What is the remainder when 450149 is divided by 9785?
39
Calculate the remainder when 1331079 is divided by 1331059.
20
Calculate the remainder when 172535 is divided by 1478.
1087
Calculate the remainder when 3756838 is divided by 2107.
57
Calculate the remainder when 370474 is divided by 46198.
890
What is the remainder when 1741685 is divided by 481?
465
What is the remainder when 2879286 is divided by 2878012?
1274
What is the remainder when 35749127 is divided by 5129?
5126
Calculate the remainder when 391867196 is divided by 470.
466
What is the remainder when 23239427 is divided by 46?
43
What is the remainder when 2210024 is divided by 220993?
94
Calculate the remainder when 2801298 is divided by 415.
48
What is the remainder when 40730 is divided by 12736?
2522
Calculate the remainder when 103576806 is divided by 52.
34
What is the remainder when 1448979 is divided by 841?
777
What is the remainder when 492376077 is divided by 16?
13
What is the remainder when 277616 is divided by 14187?
8063
What is the remainder when 325234 is divided by 323885?
1349
What is the remainder when 878196 is divided by 7910?
186
What is the remainder when 13658951 is divided by 98265?
116
Calculate the remainder when 48711740 is divided by 17.
8
Calculate the remainder when 32680663 is divided by 24.
7
Calculate the remainder when 2448135 is divided by 7650.
135
What is the remainder when 10080719 is divided by 1080?
1079
Calculate the remainder when 14414195 is divided by 8464.
3
Calculate the remainder when 73470219 is divided by 16.
11
What is the remainder when 1414062 is divided by 8539?
5127
Calculate the remainder when 517553 is divided by 4161.
1589
Calculate the remainder when 9380834 is divided by 584.
42
Calculate the remainder when 2969572 is divided by 53028.
4
Calculate the remainder when 2256185 is divided by 752040.
65
What is the remainder when 22469 is divided by 422?
103
What is the remainder when 567025 is divided by 112618?
3935
Calculate the remainder when 91420 is divided by 231.
175
What is the remainder when 208471 is divided by 18895?
626
What is the remainder when 536374 is divided by 4664?
14
Calculate the remainder when 918977 is divided by 2497.
81
Calculate the remainder when 7887980 is divided by 50890.
30
Calculate the remainder when 1256696 is divided by 209441.
50
What is the remainder when 4951936 is divided by 245?
241
Calculate the remainder when 11307 is divided by 1685.
1197
What is the remainder when 5873996 is divided by 2936750?
496
Calculate the remainder when 41131 is divided by 236.
67
What is the remainder when 372388 is divided by 186184?
20
Calculate the remainder when 134029 is divided by 7881.
52
What is the remainder when 2430799 is divided by 936?
7
What is the remainder when 39213 is divided by 203?
34
What is the remainder when 1678017 is divided by 202?
3
What is the remainder when 571845 is divided by 281?
10
What is the remainder when 2561868 is divided by 25?
18
Calculate the remainder when 349912 is divided by 1330.
122
What is the remainder when 2689852 is divided by 33?
22
What is the remainder when 23672564 is divided by 1734?
1730
Calculate the remainder when 33122409 is divided by 36.
33
What is the remainder when 3491304 is divided by 40?
24
Calculate the remainder when 473652 is divided by 1761.
1704
What is the remainder when 117138 is divided by 2632?
1330
Calculate the remainder when 44750524 is divided by 985.
4
Calculate the remainder when 280270 is divided by 3256.
254
What is the remainder when 159769 is divided by 15976?
9
What is the remainder when 83895254 is divided by 1066?
1054
Calculate the remainder when 35344564 is divided by 1218778.
2
What is the remainder when 9824470 is divided by 176?
150
Calculate the remainder when 473000 is divided by 58858.
2136
What is the remainder when 43207 is divided by 757?
58
What is the remainder when 134063 is divided by 2390?
223
What is the remainder when 397332 is divided by 9930?
132
Calculate the remainder when 14639577 is divided by 77.
29
What is the remainder when 373201 is divided by 2040?
1921
What is the remainder when 20417851 is divided by